/16*2*193?
9
Let b = 434 - 429. Suppose 0 = 5*l - b*j - 4643 - 1247, 0 = 4*j + 12. What is the units digit of l?
5
Let c(z) = 539*z - 51. Let b(p) = -1078*p + 101. Let y(n) = 3*b(n) + 7*c(n). What is the units digit of y(3)?
3
Suppose -11*u - 138 = -6. Let g(d) = -d**3 + 2*d**2 - d. Let y be g(2). Let x = y - u. What is the units digit of x?
0
Suppose 13*p = -6*p + 18221. What is the units digit of p + 30/35*7?
5
Let q(d) = 369*d**2 - 15*d - 32. What is the thousands digit of q(-6)?
3
Let j = -1 - -10. Let q be (-7)/(-3) + -1 + 15/j. Suppose 0*h - q*h + 325 = 4*a, -2*a = -5*h + 559. What is the hundreds digit of h?
1
Let p be (2/2)/(-1) - -2. Suppose -5*u - 2*q - p = -q, 2*q + 2 = u. Suppose 4*j + 4*m - 44 = u, -3*j + 0*m = 4*m - 29. What is the tens digit of j?
1
Let w = 36 + 30. Suppose 7*c - 6*c - 4 = 0. Suppose -c*m = -m - w. What is the tens digit of m?
2
Suppose -4*j - 89 = -f, -7*f = -j - 3*f - 26. Let i = j + 30. Suppose 5*q - i*q + 30 = 0. What is the units digit of q?
0
Let a(f) = -61*f - 67. Let r be a(-7). Let t = 896 - r. What is the units digit of t?
6
Let x(u) = 11*u + 103. Let h be x(-9). Suppose 2*m + 4*f - 500 = 0, h*m - 1302 = -m + 3*f. What is the units digit of m?
8
Suppose -114156*v = -114122*v - 857956. What is the ten thousands digit of v?
2
Suppose -45766 = -2*w - 5*i, 447*w - 4*i + 22877 = 448*w. What is the hundreds digit of w?
8
Let x = 115 + -110. Suppose 0 = -x*f + 781 + 984. What is the tens digit of f?
5
Let t(j) = 376*j**2 - 2*j - 100. What is the thousands digit of t(12)?
4
Let i = 22443 + -6176. What is the hundreds digit of i?
2
Suppose 0 = 5*g + 5*z - 132095, 2*g = -309*z + 308*z + 52833. What is the thousands digit of g?
6
Suppose 180 = -18*q + 6*q. Let h be 331/2 + q/(-30). Let f = h - 135. What is the units digit of f?
1
Let s be (-112)/(-6)*(-36)/(-7). Let g = -53 + 70. Let d = g + s. What is the hundreds digit of d?
1
Suppose -6 + 0 = -2*l. Suppose -4*z + l*y = -8*z - 8, 2*z + 2*y + 2 = 0. Let c(b) = -3*b**3 - 10*b**2 + 4*b - 11. What is the tens digit of c(z)?
9
Let k(a) = -7*a - 40. Let g be 6/(-1) + 0/8. Let c be k(g). Suppose 0 = -6*d + c*d + 516. What is the tens digit of d?
2
What is the tens digit of 6537/6*22 + 8 + -28 + 15?
6
Suppose -471861 = 267*y - 304*y. What is the thousands digit of y?
2
Let l be (-14)/(-49) + 486/14. Suppose -11 = -k + l. Suppose 0 = -3*w + 148 - k. What is the units digit of w?
4
Suppose -5*a + 22 = 3*u, 3*a - u = -3*u + 14. Suppose -4*i - 5*n = -309, -a*i - 2*i + 264 = -4*n. Let b = i - -6. What is the units digit of b?
7
Suppose -4*a + 20 = 0, 150 = -4*k - 0*k - 2*a. Let w be k/(-32) - 12/(-16). Suppose -i = -w*m - 131, -i = -m - 4*m - 137. What is the hundreds digit of i?
1
Suppose 0 = -8*q - 120 - 8. What is the tens digit of q/(-36) - (-104)/9?
1
Let x = 18 + 30. Let v be (x/(-32))/((-1)/(-46)). Let i = v + 183. What is the units digit of i?
4
Suppose 21*o - 19*o = -6. Let f = 8 + o. Suppose 2*c = g + 158, 0 = -f*c + c + 5*g + 310. What is the tens digit of c?
8
Let m(u) = -u**3 + 109*u**2 - 348*u + 633. What is the tens digit of m(99)?
9
Let y(g) = g**3 - 7*g**2 + 6*g. Let z be y(6). Let t be z - 2/3 - (-848)/12. Let p = -41 + t. What is the tens digit of p?
2
Let u(l) = -l**3 + 4*l + 3*l**2 + 4 + l**2 - 7*l**2. Let r be u(-4). Suppose -2*b + 0*b - 40 = -2*n, -r*b + 72 = 4*n. What is the tens digit of n?
1
Let u(g) = 93*g + 220. Let o(w) = -98*w - 219. Let n(r) = -5*o(r) - 4*u(r). What is the thousands digit of n(11)?
1
Let d(m) = -1208*m - 1330. What is the units digit of d(-9)?
2
Suppose -d = 3*d - 668. Let z(m) = 7*m + 17. Let w be z(-10). Let v = w + d. What is the units digit of v?
4
What is the thousands digit of 2*(-4*1 + 1170562/92 - -7)?
5
Suppose 5*g - 7*g = 3*c - 968, 5*g = -4*c + 1300. Suppose 3*w + 4*r = 2*w + 95, 5*r - c = -3*w. What is the hundreds digit of w?
1
Suppose -19283 + 2588 = -5*k. Suppose 3*g - k = -5*p + 343, 2*g - 1472 = -2*p. What is the units digit of p?
7
Suppose -9*o + 443 = 119. Suppose 16156 = 50*w - o*w. What is the tens digit of w?
5
Suppose 5 = 5*c - l + 9, l = -4*c + 4. Let j(r) = r**3 + r**2 - 5*r + 281. What is the hundreds digit of j(c)?
2
Let j(d) be the first derivative of d**4/4 - d**3/3 - 6*d**2 - 12*d + 214. What is the hundreds digit of j(8)?
3
Suppose 1434*v - 1415*v - 756941 = 0. What is the ten thousands digit of v?
3
Let j be 3/(-2)*(0 - (-8)/(-3)). Let v be (-20 + j - -4) + -3. What is the hundreds digit of 27/v*195/(-3)?
1
Let z be (0 - 18/(-1)) + 0. Suppose 9*p - 6*p = z. What is the units digit of (-2)/3 - (296/p)/(-2)?
4
Let w(z) = z**2 - z + 1. Let o(c) = -28*c**2 + 18*c - 90. Let t(n) = -o(n) + 4*w(n). What is the thousands digit of t(7)?
1
Let a be (1/6)/1 - (-2680)/48. Let j = 56 - a. Suppose -18*m + 22*m - 124 = j. What is the units digit of m?
1
Suppose 0 = -y + 2*k - 15, 6*k = 9*k - 12. What is the tens digit of (-2)/7 - (5882/y + 7)?
3
What is the hundreds digit of (1 - (-3 - 0))/(-21*18/(-2096010))?
1
Let i(l) = l**3 + 17*l**2 + 31*l + 5. Let b be i(-15). Let s = b + 13. What is the hundreds digit of -183*(-5)/15*s?
1
Let i = 740 - 444. Suppose -6*y - i = -2036. Suppose -3*j = 2*o - 544, 2*o + y = 3*j - 246. What is the tens digit of j?
8
Let u = 3480 + 1831. What is the units digit of u?
1
Let l(t) = 2*t**2 - 12*t - 17. Suppose 4*b = -56 + 36. Let f(i) = -3*i - 5. Let r be f(b). What is the units digit of l(r)?
3
Suppose 28*x - 13730 = 39498. What is the units digit of x?
1
Let v(l) = -3*l**2 + l + 1. Let q(c) = -c**2 + 3. Let t be q(2). Let r be v(t). Let i(h) = 4*h**2 + 2*h - 5. What is the units digit of i(r)?
5
Let n(c) = -2*c**2 + 3*c**2 + 7*c - 1 - 5*c**3 + 3*c**2 + 4*c**3. Let g be n(6). Let q = g - -69. What is the units digit of q?
8
Let u(n) = 80*n**3 + n**2 - 10. Suppose 0 = 3*w + 5*k - 26, 2*w - 15*k + 13*k + 4 = 0. What is the units digit of u(w)?
4
Let z(m) = 44*m - 143. Let g be z(11). Let x = -17 + g. What is the units digit of x?
4
What is the tens digit of (60/(-50))/(2/5) + (-296208)/(-17)?
2
Let m(t) = 2*t**2 - 13*t + 38. Let r be m(3). Suppose 6153 = r*k - 10*k. What is the units digit of k?
9
Let l(z) = 37*z + 31*z - 78*z + 206*z + 336. What is the tens digit of l(5)?
1
Suppose -167*n - 172*n - 27612 = -348*n. What is the units digit of n?
8
Let x(y) = 1604*y + 4490. What is the ten thousands digit of x(6)?
1
Let d(b) be the first derivative of -b**2/2 + 6*b - 35. Let n be d(4). Suppose -699 = n*t - 5*t. What is the units digit of t?
3
Let w(b) = 639*b**2 - 24*b - 71. What is the units digit of w(-3)?
2
Let c be 582*5/(-30)*(0 - 5). Let z = c - -1057. What is the tens digit of z?
4
Suppose 0 = -c - 3*q - 64, 0 = -3*c - 5*q - 78 - 106. Let l be 1*(-6 + 6 - -1). What is the tens digit of (l + c + 1)/(-1)?
5
Let f = -78 + 81. Let y be (0 - (-4)/14) + 80/(-35). What is the units digit of 478/(f + y - -1)?
9
Suppose -3*w - y = -24794, y + 41310 = 4*w + w. What is the thousands digit of w?
8
Let f(m) = m**3 + 52*m**2 + 2*m - 218. What is the ten thousands digit of f(-37)?
2
Suppose c = 3*c - 36. Suppose 44*f + 249 = 29. Let u = c + f. What is the units digit of u?
3
Let k(r) = -3*r - 11. Let h be k(-7). Let q be (-48)/60 + (-202)/h. Let j = q - -30. What is the units digit of j?
9
Let m = 331 + -314. Suppose 0 = -m*x + 781 + 15199. What is the tens digit of x?
4
Let z(t) be the first derivative of -23*t + 25*t**2 + 15 + 26 - 3*t**2. What is the hundreds digit of z(6)?
2
Let l = 1040 - 343. Let b = 1193 - l. What is the hundreds digit of b?
4
What is the units digit of (5/3)/((-4295)/(-29913816))?
8
Let x be 5556/8 + (-25)/10. Suppose -3*o = 3*y - 52 - x, 500 = 2*y + o. What is the units digit of y?
2
Let k(b) = -978*b**2. Let d be k(-1). Let g be 8/(-10) - d/(-15). What is the tens digit of -2 - 0 - -3 - g?
6
What is the tens digit of (6/(-9))/((-250)/5328000)?
0
Suppose -7*r - 4 = -18. Suppose -l = 2*j - 673, 667 = r*j + 13*l - 18*l. What is the units digit of j?
6
Suppose 494*z + 634788 = 515*z. What is the units digit of z?
8
Suppose 2*r + 6 + 0 = 0, 2*r = 3*s - 1137. Suppose s = 4*n + 25. Let p = n - -29. What is the tens digit of p?
1
Suppose -3*q + t = -35507, 4*q + t = 5*t + 47348. What is the thousands digit of q?
1
Let d(l) = 302*l - 351. What is the tens digit of d(21